{"id":16259,"date":"2026-04-21T14:03:38","date_gmt":"2026-04-21T14:03:38","guid":{"rendered":"https:\/\/www.duritcast.pt\/oferta-de-emprego\/duritcast-coordenador-de-sst-e-ambiente-m-f-d-2\/"},"modified":"2026-04-21T14:03:38","modified_gmt":"2026-04-21T14:03:38","slug":"duritcast-coordenador-de-sst-e-ambiente-m-f-d-2","status":"publish","type":"oferta-de-emprego","link":"https:\/\/www.duritcast.pt\/fr\/oferta-de-emprego\/duritcast-coordenador-de-sst-e-ambiente-m-f-d-2\/","title":{"rendered":"DuritCast| Coordenador de SST e Ambiente (M\/F\/D)"},"featured_media":0,"template":"","meta":{"_acf_changed":false},"class_list":["post-16259","oferta-de-emprego","type-oferta-de-emprego","status-publish","hentry"],"acf":{"logo_empresa":null,"titulo_da_funcao":"DuritCast| Coordenador de SST e Ambiente (M\/F\/D) ","empresa_do_grupo_durit":"DURITCAST","localizacao_da_oferta":"\u00c1gueda","missao":"Organizar, desenvolver, coordenar e controlar as atividades de preven\u00e7\u00e3o e prote\u00e7\u00e3o contra riscos profissionais, garantindo a conformidade legal em Ambiente e Seguran\u00e7a e a implementa\u00e7\u00e3o de um sistema eficaz de SST (Seguran\u00e7a e Sa\u00fade no Trabalho)","principais_funcoes_e_responsabilidades":"Garantir a avalia\u00e7\u00e3o da conformidade legal de Ambiente e Seguran\u00e7a\nAcompanhar a identifica\u00e7\u00e3o de perigos e avalia\u00e7\u00e3o de riscos nos postos de trabalho\nDefinir e implementar medidas de preven\u00e7\u00e3o e prote\u00e7\u00e3o\nEmitir relat\u00f3rios sobre o desempenho do sistema de gest\u00e3o ambiental\nElaborar o Plano de Monitoriza\u00e7\u00e3o ambiental\nSupervisionar a implementa\u00e7\u00e3o do sistema de SST\nEmitir relat\u00f3rios peri\u00f3dicos para entidades competentes\nGerir res\u00edduos\nAnalisar, avaliar e comunicar acidentes de trabalho","competencias_para_a_funcao":"Capacidade de organiza\u00e7\u00e3o\nProatividade e iniciativa\nRigor e responsabilidade\nOrienta\u00e7\u00e3o para a qualidade\nOrienta\u00e7\u00e3o para objetivos\nCapacidade de aprendizagem e partilha\nPersist\u00eancia\nCapacidade de autocontrolo","requisitos_obrigatorios":"Forma\u00e7\u00e3o Superior\nT\u00edtulo Profissional de T\u00e9cnico de SST \u2013 N\u00edvel IV (m\u00ednimo)\nExperi\u00eancia m\u00ednima de 1 ano (valorizada)","referencias_de_oportunidade":"Cast_04_2026","anexos_obrigatorios":"Cv e carta Motiva\u00e7\u00e3o","data_limite":"2026-05-08T00:00:00.000Z","flowconsent_id":4048},"yoast_head":"<!-- This site is optimized with the Yoast SEO plugin v27.4 - https:\/\/yoast.com\/product\/yoast-seo-wordpress\/ -->\n<title>DuritCast| Coordenador de SST e Ambiente (M\/F\/D) - DURITCAST<\/title>\n<meta name=\"robots\" content=\"index, follow, max-snippet:-1, max-image-preview:large, max-video-preview:-1\" \/>\n<link rel=\"canonical\" href=\"https:\/\/www.duritcast.pt\/fr\/oferta-de-emprego\/duritcast-coordenador-de-sst-e-ambiente-m-f-d-2\/\" \/>\n<meta property=\"og:locale\" content=\"fr_FR\" \/>\n<meta property=\"og:type\" content=\"article\" \/>\n<meta property=\"og:title\" content=\"DuritCast| Coordenador de SST e Ambiente (M\/F\/D) - DURITCAST\" \/>\n<meta property=\"og:url\" content=\"https:\/\/www.duritcast.pt\/fr\/oferta-de-emprego\/duritcast-coordenador-de-sst-e-ambiente-m-f-d-2\/\" \/>\n<meta property=\"og:site_name\" content=\"DURITCAST\" \/>\n<meta name=\"twitter:card\" content=\"summary_large_image\" \/>\n<script type=\"application\/ld+json\" class=\"yoast-schema-graph\">{\"@context\":\"https:\\\/\\\/schema.org\",\"@graph\":[{\"@type\":\"WebPage\",\"@id\":\"https:\\\/\\\/www.duritcast.pt\\\/oferta-de-emprego\\\/duritcast-coordenador-de-sst-e-ambiente-m-f-d-2\\\/\",\"url\":\"https:\\\/\\\/www.duritcast.pt\\\/oferta-de-emprego\\\/duritcast-coordenador-de-sst-e-ambiente-m-f-d-2\\\/\",\"name\":\"DuritCast| Coordenador de SST e Ambiente (M\\\/F\\\/D) - DURITCAST\",\"isPartOf\":{\"@id\":\"https:\\\/\\\/www.duritcast.pt\\\/#website\"},\"datePublished\":\"2026-04-21T14:03:38+00:00\",\"breadcrumb\":{\"@id\":\"https:\\\/\\\/www.duritcast.pt\\\/oferta-de-emprego\\\/duritcast-coordenador-de-sst-e-ambiente-m-f-d-2\\\/#breadcrumb\"},\"inLanguage\":\"fr-FR\",\"potentialAction\":[{\"@type\":\"ReadAction\",\"target\":[\"https:\\\/\\\/www.duritcast.pt\\\/oferta-de-emprego\\\/duritcast-coordenador-de-sst-e-ambiente-m-f-d-2\\\/\"]}]},{\"@type\":\"BreadcrumbList\",\"@id\":\"https:\\\/\\\/www.duritcast.pt\\\/oferta-de-emprego\\\/duritcast-coordenador-de-sst-e-ambiente-m-f-d-2\\\/#breadcrumb\",\"itemListElement\":[{\"@type\":\"ListItem\",\"position\":1,\"name\":\"In\u00edcio\",\"item\":\"https:\\\/\\\/www.duritcast.pt\\\/\"},{\"@type\":\"ListItem\",\"position\":2,\"name\":\"DuritCast| Coordenador de SST e Ambiente (M\\\/F\\\/D)\"}]},{\"@type\":\"WebSite\",\"@id\":\"https:\\\/\\\/www.duritcast.pt\\\/#website\",\"url\":\"https:\\\/\\\/www.duritcast.pt\\\/\",\"name\":\"DURITCAST\",\"description\":\"\",\"potentialAction\":[{\"@type\":\"SearchAction\",\"target\":{\"@type\":\"EntryPoint\",\"urlTemplate\":\"https:\\\/\\\/www.duritcast.pt\\\/?s={search_term_string}\"},\"query-input\":{\"@type\":\"PropertyValueSpecification\",\"valueRequired\":true,\"valueName\":\"search_term_string\"}}],\"inLanguage\":\"fr-FR\"}]}<\/script>\n<!-- \/ Yoast SEO plugin. -->","yoast_head_json":{"title":"DuritCast| Coordenador de SST e Ambiente (M\/F\/D) - DURITCAST","robots":{"index":"index","follow":"follow","max-snippet":"max-snippet:-1","max-image-preview":"max-image-preview:large","max-video-preview":"max-video-preview:-1"},"canonical":"https:\/\/www.duritcast.pt\/fr\/oferta-de-emprego\/duritcast-coordenador-de-sst-e-ambiente-m-f-d-2\/","og_locale":"fr_FR","og_type":"article","og_title":"DuritCast| Coordenador de SST e Ambiente (M\/F\/D) - DURITCAST","og_url":"https:\/\/www.duritcast.pt\/fr\/oferta-de-emprego\/duritcast-coordenador-de-sst-e-ambiente-m-f-d-2\/","og_site_name":"DURITCAST","twitter_card":"summary_large_image","schema":{"@context":"https:\/\/schema.org","@graph":[{"@type":"WebPage","@id":"https:\/\/www.duritcast.pt\/oferta-de-emprego\/duritcast-coordenador-de-sst-e-ambiente-m-f-d-2\/","url":"https:\/\/www.duritcast.pt\/oferta-de-emprego\/duritcast-coordenador-de-sst-e-ambiente-m-f-d-2\/","name":"DuritCast| Coordenador de SST e Ambiente (M\/F\/D) - DURITCAST","isPartOf":{"@id":"https:\/\/www.duritcast.pt\/#website"},"datePublished":"2026-04-21T14:03:38+00:00","breadcrumb":{"@id":"https:\/\/www.duritcast.pt\/oferta-de-emprego\/duritcast-coordenador-de-sst-e-ambiente-m-f-d-2\/#breadcrumb"},"inLanguage":"fr-FR","potentialAction":[{"@type":"ReadAction","target":["https:\/\/www.duritcast.pt\/oferta-de-emprego\/duritcast-coordenador-de-sst-e-ambiente-m-f-d-2\/"]}]},{"@type":"BreadcrumbList","@id":"https:\/\/www.duritcast.pt\/oferta-de-emprego\/duritcast-coordenador-de-sst-e-ambiente-m-f-d-2\/#breadcrumb","itemListElement":[{"@type":"ListItem","position":1,"name":"In\u00edcio","item":"https:\/\/www.duritcast.pt\/"},{"@type":"ListItem","position":2,"name":"DuritCast| Coordenador de SST e Ambiente (M\/F\/D)"}]},{"@type":"WebSite","@id":"https:\/\/www.duritcast.pt\/#website","url":"https:\/\/www.duritcast.pt\/","name":"DURITCAST","description":"","potentialAction":[{"@type":"SearchAction","target":{"@type":"EntryPoint","urlTemplate":"https:\/\/www.duritcast.pt\/?s={search_term_string}"},"query-input":{"@type":"PropertyValueSpecification","valueRequired":true,"valueName":"search_term_string"}}],"inLanguage":"fr-FR"}]}},"_links":{"self":[{"href":"https:\/\/www.duritcast.pt\/fr\/wp-json\/wp\/v2\/oferta-de-emprego\/16259","targetHints":{"allow":["GET"]}}],"collection":[{"href":"https:\/\/www.duritcast.pt\/fr\/wp-json\/wp\/v2\/oferta-de-emprego"}],"about":[{"href":"https:\/\/www.duritcast.pt\/fr\/wp-json\/wp\/v2\/types\/oferta-de-emprego"}],"version-history":[{"count":0,"href":"https:\/\/www.duritcast.pt\/fr\/wp-json\/wp\/v2\/oferta-de-emprego\/16259\/revisions"}],"wp:attachment":[{"href":"https:\/\/www.duritcast.pt\/fr\/wp-json\/wp\/v2\/media?parent=16259"}],"curies":[{"name":"wp","href":"https:\/\/api.w.org\/{rel}","templated":true}]}}

Águeda

Organizar, desenvolver, coordenar e controlar as atividades de prevenção e proteção contra riscos profissionais, garantindo a conformidade legal em Ambiente e Segurança e a implementação de um sistema eficaz de SST (Segurança e Saúde no Trabalho)

Garantir a avaliação da conformidade legal de Ambiente e Segurança
Acompanhar a identificação de perigos e avaliação de riscos nos postos de trabalho
Definir e implementar medidas de prevenção e proteção
Emitir relatórios sobre o desempenho do sistema de gestão ambiental
Elaborar o Plano de Monitorização ambiental
Supervisionar a implementação do sistema de SST
Emitir relatórios periódicos para entidades competentes
Gerir resíduos
Analisar, avaliar e comunicar acidentes de trabalho

Capacidade de organização
Proatividade e iniciativa
Rigor e responsabilidade
Orientação para a qualidade
Orientação para objetivos
Capacidade de aprendizagem e partilha
Persistência
Capacidade de autocontrolo

Formação Superior
Título Profissional de Técnico de SST – Nível IV (mínimo)
Experiência mínima de 1 ano (valorizada)

Cv e carta Motivação

<!-- This site is optimized with the Yoast SEO plugin v27.4 - https://yoast.com/product/yoast-seo-wordpress/ -->
<title>DuritCast| Coordenador de SST e Ambiente (M/F/D) - DURITCAST</title>
<meta name="robots" content="index, follow, max-snippet:-1, max-image-preview:large, max-video-preview:-1" />
<link rel="canonical" href="https://www.duritcast.pt/fr/oferta-de-emprego/duritcast-coordenador-de-sst-e-ambiente-m-f-d-2/" />
<meta property="og:locale" content="fr_FR" />
<meta property="og:type" content="article" />
<meta property="og:title" content="DuritCast| Coordenador de SST e Ambiente (M/F/D) - DURITCAST" />
<meta property="og:url" content="https://www.duritcast.pt/fr/oferta-de-emprego/duritcast-coordenador-de-sst-e-ambiente-m-f-d-2/" />
<meta property="og:site_name" content="DURITCAST" />
<meta name="twitter:card" content="summary_large_image" />
<script type="application/ld+json" class="yoast-schema-graph">{"@context":"https:\/\/schema.org","@graph":[{"@type":"WebPage","@id":"https:\/\/www.duritcast.pt\/oferta-de-emprego\/duritcast-coordenador-de-sst-e-ambiente-m-f-d-2\/","url":"https:\/\/www.duritcast.pt\/oferta-de-emprego\/duritcast-coordenador-de-sst-e-ambiente-m-f-d-2\/","name":"DuritCast| Coordenador de SST e Ambiente (M\/F\/D) - DURITCAST","isPartOf":{"@id":"https:\/\/www.duritcast.pt\/#website"},"datePublished":"2026-04-21T14:03:38+00:00","breadcrumb":{"@id":"https:\/\/www.duritcast.pt\/oferta-de-emprego\/duritcast-coordenador-de-sst-e-ambiente-m-f-d-2\/#breadcrumb"},"inLanguage":"fr-FR","potentialAction":[{"@type":"ReadAction","target":["https:\/\/www.duritcast.pt\/oferta-de-emprego\/duritcast-coordenador-de-sst-e-ambiente-m-f-d-2\/"]}]},{"@type":"BreadcrumbList","@id":"https:\/\/www.duritcast.pt\/oferta-de-emprego\/duritcast-coordenador-de-sst-e-ambiente-m-f-d-2\/#breadcrumb","itemListElement":[{"@type":"ListItem","position":1,"name":"Início","item":"https:\/\/www.duritcast.pt\/"},{"@type":"ListItem","position":2,"name":"DuritCast| Coordenador de SST e Ambiente (M\/F\/D)"}]},{"@type":"WebSite","@id":"https:\/\/www.duritcast.pt\/#website","url":"https:\/\/www.duritcast.pt\/","name":"DURITCAST","description":"","potentialAction":[{"@type":"SearchAction","target":{"@type":"EntryPoint","urlTemplate":"https:\/\/www.duritcast.pt\/?s={search_term_string}"},"query-input":{"@type":"PropertyValueSpecification","valueRequired":true,"valueName":"search_term_string"}}],"inLanguage":"fr-FR"}]}</script>
<!-- / Yoast SEO plugin. -->

Início
